{"id":2015,"date":"2024-07-21T18:04:44","date_gmt":"2024-07-21T16:04:44","guid":{"rendered":"https:\/\/www.delygoldn.com\/?page_id=2015"},"modified":"2025-06-28T14:26:49","modified_gmt":"2025-06-28T12:26:49","slug":"delygoldn-com-mentions-legales","status":"publish","type":"page","link":"https:\/\/www.delygoldn.com\/index.php\/delygoldn-com-mentions-legales\/","title":{"rendered":"Mentions l\u00e9gales"},"content":{"rendered":"\t\t<div data-elementor-type=\"wp-page\" data-elementor-id=\"2015\" class=\"elementor elementor-2015\">\n\t\t\t\t<div class=\"elementor-element elementor-element-c3032d9 e-flex e-con-boxed e-con e-parent\" data-id=\"c3032d9\" data-element_type=\"container\" data-e-type=\"container\">\n\t\t\t\t\t<div class=\"e-con-inner\">\n\t\t\t\t<div class=\"elementor-element elementor-element-af23179 elementor-widget__width-initial elementor-widget elementor-widget-heading\" data-id=\"af23179\" data-element_type=\"widget\" data-e-type=\"widget\" data-widget_type=\"heading.default\">\n\t\t\t\t<div class=\"elementor-widget-container\">\n\t\t\t\t\t<h2 class=\"elementor-heading-title elementor-size-default\">Mentions L\u00e9gales <\/h2>\t\t\t\t<\/div>\n\t\t\t\t<\/div>\n\t\t\t\t\t<\/div>\n\t\t\t\t<\/div>\n\t\t<div class=\"elementor-element elementor-element-71ace6d4 e-flex e-con-boxed e-con e-parent\" data-id=\"71ace6d4\" data-element_type=\"container\" data-e-type=\"container\">\n\t\t\t\t\t<div class=\"e-con-inner\">\n\t\t\t\t<div class=\"elementor-element elementor-element-7d67bf2c elementor-widget elementor-widget-text-editor\" data-id=\"7d67bf2c\" data-element_type=\"widget\" data-e-type=\"widget\" data-widget_type=\"text-editor.default\">\n\t\t\t\t<div class=\"elementor-widget-container\">\n\t\t\t\t\t\t\t\t\t<h3 class=\"wp-block-heading\">\u00c9diteur du site :<\/h3>\n<p><!-- \/wp:heading --><!-- wp:paragraph --><\/p>\n<p>D\u00e9licia MENGA<br \/>Nom de l&rsquo;entreprise \/ Nom du propri\u00e9taire du site : Dely Gold&rsquo;N<br \/>Adresse du si\u00e8ge social : Val de Marne\u00a0<br \/>\ud83d\udcf1 : 07 45 07 25 70<br \/>Adresse email : conseilsnaturels@delygoldn.com<\/p>\n<p><!-- \/wp:paragraph --><!-- wp:paragraph --><\/p>\n<p>SIRET de l\u2019\u00e9tablissement : 92781633000017<\/p>\n<p><!-- \/wp:paragraph --><!-- wp:heading --><\/p>\n<h3 class=\"wp-block-heading\">Directeur de publication :<\/h3>\n<p><!-- \/wp:heading --><!-- wp:paragraph --><\/p>\n<p>D\u00e9licia MENGA<br \/>Nom du directeur de la publication<\/p>\n<p><!-- \/wp:paragraph --><!-- wp:heading --><\/p>\n<h3 class=\"wp-block-heading\">H\u00e9bergement :<\/h3>\n<p><!-- \/wp:heading --><!-- wp:paragraph --><\/p>\n<p>Nom de l&rsquo;h\u00e9bergeur : OVH SAS<br \/>Adresse de l&rsquo;h\u00e9bergeur : 2 rue Kellermann 59100 Roubaix, France <br \/>Num\u00e9ro de t\u00e9l\u00e9phone de l&rsquo;h\u00e9bergeur : +33 9 72 10 10 07<\/p>\n<p><!-- \/wp:paragraph --><!-- wp:heading --><\/p>\n<h3 class=\"wp-block-heading\">Propri\u00e9t\u00e9 intellectuelle :<\/h3>\n<p><!-- \/wp:heading --><!-- wp:paragraph --><\/p>\n<p>Tous les contenus pr\u00e9sents sur ce site, incluant, de fa\u00e7on non limitative, les graphismes, images, textes, vid\u00e9os, animations, sons, logos, gifs et ic\u00f4ne, ainsi que leur mise en forme sont la propri\u00e9t\u00e9 exclusive de Dely Gold&rsquo;N, \u00e0 l&rsquo;exception des marques, logos ou contenus appartenant \u00e0 d&rsquo;autres soci\u00e9t\u00e9s partenaires ou auteurs. Toute reproduction, repr\u00e9sentation, modification, publication, adaptation, de tout ou partie des \u00e9l\u00e9ments du site, quel que soit le moyen ou le proc\u00e9d\u00e9 utilis\u00e9, est interdite, sauf autorisation \u00e9crite pr\u00e9alable de Dely Gold&rsquo;N.<\/p>\n<p><!-- \/wp:paragraph --><!-- wp:heading --><\/p>\n<h3 class=\"wp-block-heading\">Protection des donn\u00e9es personnelles :<\/h3>\n<p><!-- \/wp:heading --><!-- wp:paragraph --><\/p>\n<p><a href=\"https:\/\/www.delygoldn.com\/index.php\/delygoldn-com-politique-de-confidentialite\/\">Conform\u00e9ment \u00e0 la loi \u00ab\u00a0Informatique et Libert\u00e9s\u00a0\u00bb, vous disposez d&rsquo;un droit d&rsquo;acc\u00e8s, de rectification et de suppression des donn\u00e9es vous concernant en nous contactant \u00e0 l&rsquo;adresse suivante : conseilsnaturels@delygoldn.com<\/a><\/p>\n<p><!-- \/wp:paragraph --><!-- wp:paragraph --><\/p>\n<p><!-- \/wp:paragraph --><!-- wp:paragraph --><\/p>\n<p><!-- \/wp:paragraph --><!-- wp:paragraph --><\/p>\n<p><!-- \/wp:paragraph --><\/p>\t\t\t\t\t\t\t\t<\/div>\n\t\t\t\t<\/div>\n\t\t\t\t\t<\/div>\n\t\t\t\t<\/div>\n\t\t\t\t<\/div>\n\t\t","protected":false},"excerpt":{"rendered":"<p>Mentions L\u00e9gales \u00c9diteur du site : D\u00e9licia MENGANom de l&rsquo;entreprise \/ Nom du propri\u00e9taire du site : Dely Gold&rsquo;NAdresse du si\u00e8ge social : Val de Marne\u00a0\ud83d\udcf1 : 07 45 07 25 70Adresse email : conseilsnaturels@delygoldn.com SIRET de l\u2019\u00e9tablissement : 92781633000017 Directeur de publication : D\u00e9licia MENGANom du directeur de la publication H\u00e9bergement : Nom de&hellip;&nbsp;<a href=\"https:\/\/www.delygoldn.com\/index.php\/delygoldn-com-mentions-legales\/\" rel=\"bookmark\">Lire la suite &raquo;<span class=\"screen-reader-text\">Mentions l\u00e9gales<\/span><\/a><\/p>\n","protected":false},"author":1,"featured_media":0,"parent":0,"menu_order":9,"comment_status":"closed","ping_status":"closed","template":"","meta":{"_acf_changed":false,"neve_meta_sidebar":"","neve_meta_container":"","neve_meta_enable_content_width":"","neve_meta_content_width":0,"neve_meta_title_alignment":"","neve_meta_author_avatar":"","neve_post_elements_order":"","neve_meta_disable_header":"","neve_meta_disable_footer":"","neve_meta_disable_title":"","footnotes":""},"class_list":["post-2015","page","type-page","status-publish","hentry"],"acf":[],"yoast_head":"<!-- This site is optimized with the Yoast SEO plugin v27.4 - https:\/\/yoast.com\/product\/yoast-seo-wordpress\/ -->\n<title>Mentions l\u00e9gales<\/title>\n<meta name=\"description\" content=\"Mentions l\u00e9gales de Dely Gold&#039;N : \u00c9diteur du site, publication, h\u00e9bergement, politique de confidentialit\u00e9 et propri\u00e9t\u00e9 intellectuelle.\" \/>\n<meta name=\"robots\" content=\"index, follow, max-snippet:-1, max-image-preview:large, max-video-preview:-1\" \/>\n<link rel=\"canonical\" href=\"https:\/\/www.delygoldn.com\/index.php\/delygoldn-com-mentions-legales\/\" \/>\n<meta property=\"og:locale\" content=\"fr_FR\" \/>\n<meta property=\"og:type\" content=\"article\" \/>\n<meta property=\"og:title\" content=\"Mentions l\u00e9gales\" \/>\n<meta property=\"og:description\" content=\"Mentions l\u00e9gales de Dely Gold&#039;N : \u00c9diteur du site, publication, h\u00e9bergement, politique de confidentialit\u00e9 et propri\u00e9t\u00e9 intellectuelle.\" \/>\n<meta property=\"og:url\" content=\"https:\/\/www.delygoldn.com\/index.php\/delygoldn-com-mentions-legales\/\" \/>\n<meta property=\"og:site_name\" content=\"Dely Gold&#039;N\" \/>\n<meta property=\"article:modified_time\" content=\"2025-06-28T12:26:49+00:00\" \/>\n<meta name=\"twitter:card\" content=\"summary_large_image\" \/>\n<meta name=\"twitter:label1\" content=\"Dur\u00e9e de lecture estim\u00e9e\" \/>\n\t<meta name=\"twitter:data1\" content=\"1 minute\" \/>\n<script type=\"application\/ld+json\" class=\"yoast-schema-graph\">{\"@context\":\"https:\\\/\\\/schema.org\",\"@graph\":[{\"@type\":\"WebPage\",\"@id\":\"https:\\\/\\\/www.delygoldn.com\\\/index.php\\\/delygoldn-com-mentions-legales\\\/\",\"url\":\"https:\\\/\\\/www.delygoldn.com\\\/index.php\\\/delygoldn-com-mentions-legales\\\/\",\"name\":\"Mentions l\u00e9gales\",\"isPartOf\":{\"@id\":\"https:\\\/\\\/www.delygoldn.com\\\/#website\"},\"datePublished\":\"2024-07-21T16:04:44+00:00\",\"dateModified\":\"2025-06-28T12:26:49+00:00\",\"description\":\"Mentions l\u00e9gales de Dely Gold'N : \u00c9diteur du site, publication, h\u00e9bergement, politique de confidentialit\u00e9 et propri\u00e9t\u00e9 intellectuelle.\",\"breadcrumb\":{\"@id\":\"https:\\\/\\\/www.delygoldn.com\\\/index.php\\\/delygoldn-com-mentions-legales\\\/#breadcrumb\"},\"inLanguage\":\"fr-FR\",\"potentialAction\":[{\"@type\":\"ReadAction\",\"target\":[\"https:\\\/\\\/www.delygoldn.com\\\/index.php\\\/delygoldn-com-mentions-legales\\\/\"]}]},{\"@type\":\"BreadcrumbList\",\"@id\":\"https:\\\/\\\/www.delygoldn.com\\\/index.php\\\/delygoldn-com-mentions-legales\\\/#breadcrumb\",\"itemListElement\":[{\"@type\":\"ListItem\",\"position\":1,\"name\":\"Accueil\",\"item\":\"https:\\\/\\\/www.delygoldn.com\\\/\"},{\"@type\":\"ListItem\",\"position\":2,\"name\":\"Mentions l\u00e9gales\"}]},{\"@type\":\"WebSite\",\"@id\":\"https:\\\/\\\/www.delygoldn.com\\\/#website\",\"url\":\"https:\\\/\\\/www.delygoldn.com\\\/\",\"name\":\"Dely Gold'N\",\"description\":\"Votre nature\",\"publisher\":{\"@id\":\"https:\\\/\\\/www.delygoldn.com\\\/#organization\"},\"potentialAction\":[{\"@type\":\"SearchAction\",\"target\":{\"@type\":\"EntryPoint\",\"urlTemplate\":\"https:\\\/\\\/www.delygoldn.com\\\/?s={search_term_string}\"},\"query-input\":{\"@type\":\"PropertyValueSpecification\",\"valueRequired\":true,\"valueName\":\"search_term_string\"}}],\"inLanguage\":\"fr-FR\"},{\"@type\":\"Organization\",\"@id\":\"https:\\\/\\\/www.delygoldn.com\\\/#organization\",\"name\":\"Dely Gold'N\",\"url\":\"https:\\\/\\\/www.delygoldn.com\\\/\",\"logo\":{\"@type\":\"ImageObject\",\"inLanguage\":\"fr-FR\",\"@id\":\"https:\\\/\\\/www.delygoldn.com\\\/#\\\/schema\\\/logo\\\/image\\\/\",\"url\":\"https:\\\/\\\/www.delygoldn.com\\\/wp-content\\\/uploads\\\/2024\\\/06\\\/LOGO-1.png\",\"contentUrl\":\"https:\\\/\\\/www.delygoldn.com\\\/wp-content\\\/uploads\\\/2024\\\/06\\\/LOGO-1.png\",\"width\":1576,\"height\":1576,\"caption\":\"Dely Gold'N\"},\"image\":{\"@id\":\"https:\\\/\\\/www.delygoldn.com\\\/#\\\/schema\\\/logo\\\/image\\\/\"},\"sameAs\":[\"https:\\\/\\\/www.instagram.com\\\/mode_ly1?igsh=anh5bGZvYzB1cjBx&utm_source=qr\",\"https:\\\/\\\/wa.me\\\/33745951310\",\"https:\\\/\\\/t.me\\\/Dely_GoldN\"]}]}<\/script>\n<!-- \/ Yoast SEO plugin. -->","yoast_head_json":{"title":"Mentions l\u00e9gales","description":"Mentions l\u00e9gales de Dely Gold'N : \u00c9diteur du site, publication, h\u00e9bergement, politique de confidentialit\u00e9 et propri\u00e9t\u00e9 intellectuelle.","robots":{"index":"index","follow":"follow","max-snippet":"max-snippet:-1","max-image-preview":"max-image-preview:large","max-video-preview":"max-video-preview:-1"},"canonical":"https:\/\/www.delygoldn.com\/index.php\/delygoldn-com-mentions-legales\/","og_locale":"fr_FR","og_type":"article","og_title":"Mentions l\u00e9gales","og_description":"Mentions l\u00e9gales de Dely Gold'N : \u00c9diteur du site, publication, h\u00e9bergement, politique de confidentialit\u00e9 et propri\u00e9t\u00e9 intellectuelle.","og_url":"https:\/\/www.delygoldn.com\/index.php\/delygoldn-com-mentions-legales\/","og_site_name":"Dely Gold&#039;N","article_modified_time":"2025-06-28T12:26:49+00:00","twitter_card":"summary_large_image","twitter_misc":{"Dur\u00e9e de lecture estim\u00e9e":"1 minute"},"schema":{"@context":"https:\/\/schema.org","@graph":[{"@type":"WebPage","@id":"https:\/\/www.delygoldn.com\/index.php\/delygoldn-com-mentions-legales\/","url":"https:\/\/www.delygoldn.com\/index.php\/delygoldn-com-mentions-legales\/","name":"Mentions l\u00e9gales","isPartOf":{"@id":"https:\/\/www.delygoldn.com\/#website"},"datePublished":"2024-07-21T16:04:44+00:00","dateModified":"2025-06-28T12:26:49+00:00","description":"Mentions l\u00e9gales de Dely Gold'N : \u00c9diteur du site, publication, h\u00e9bergement, politique de confidentialit\u00e9 et propri\u00e9t\u00e9 intellectuelle.","breadcrumb":{"@id":"https:\/\/www.delygoldn.com\/index.php\/delygoldn-com-mentions-legales\/#breadcrumb"},"inLanguage":"fr-FR","potentialAction":[{"@type":"ReadAction","target":["https:\/\/www.delygoldn.com\/index.php\/delygoldn-com-mentions-legales\/"]}]},{"@type":"BreadcrumbList","@id":"https:\/\/www.delygoldn.com\/index.php\/delygoldn-com-mentions-legales\/#breadcrumb","itemListElement":[{"@type":"ListItem","position":1,"name":"Accueil","item":"https:\/\/www.delygoldn.com\/"},{"@type":"ListItem","position":2,"name":"Mentions l\u00e9gales"}]},{"@type":"WebSite","@id":"https:\/\/www.delygoldn.com\/#website","url":"https:\/\/www.delygoldn.com\/","name":"Dely Gold'N","description":"Votre nature","publisher":{"@id":"https:\/\/www.delygoldn.com\/#organization"},"potentialAction":[{"@type":"SearchAction","target":{"@type":"EntryPoint","urlTemplate":"https:\/\/www.delygoldn.com\/?s={search_term_string}"},"query-input":{"@type":"PropertyValueSpecification","valueRequired":true,"valueName":"search_term_string"}}],"inLanguage":"fr-FR"},{"@type":"Organization","@id":"https:\/\/www.delygoldn.com\/#organization","name":"Dely Gold'N","url":"https:\/\/www.delygoldn.com\/","logo":{"@type":"ImageObject","inLanguage":"fr-FR","@id":"https:\/\/www.delygoldn.com\/#\/schema\/logo\/image\/","url":"https:\/\/www.delygoldn.com\/wp-content\/uploads\/2024\/06\/LOGO-1.png","contentUrl":"https:\/\/www.delygoldn.com\/wp-content\/uploads\/2024\/06\/LOGO-1.png","width":1576,"height":1576,"caption":"Dely Gold'N"},"image":{"@id":"https:\/\/www.delygoldn.com\/#\/schema\/logo\/image\/"},"sameAs":["https:\/\/www.instagram.com\/mode_ly1?igsh=anh5bGZvYzB1cjBx&utm_source=qr","https:\/\/wa.me\/33745951310","https:\/\/t.me\/Dely_GoldN"]}]}},"_links":{"self":[{"href":"https:\/\/www.delygoldn.com\/index.php\/wp-json\/wp\/v2\/pages\/2015","targetHints":{"allow":["GET"]}}],"collection":[{"href":"https:\/\/www.delygoldn.com\/index.php\/wp-json\/wp\/v2\/pages"}],"about":[{"href":"https:\/\/www.delygoldn.com\/index.php\/wp-json\/wp\/v2\/types\/page"}],"author":[{"embeddable":true,"href":"https:\/\/www.delygoldn.com\/index.php\/wp-json\/wp\/v2\/users\/1"}],"replies":[{"embeddable":true,"href":"https:\/\/www.delygoldn.com\/index.php\/wp-json\/wp\/v2\/comments?post=2015"}],"version-history":[{"count":51,"href":"https:\/\/www.delygoldn.com\/index.php\/wp-json\/wp\/v2\/pages\/2015\/revisions"}],"predecessor-version":[{"id":4401,"href":"https:\/\/www.delygoldn.com\/index.php\/wp-json\/wp\/v2\/pages\/2015\/revisions\/4401"}],"wp:attachment":[{"href":"https:\/\/www.delygoldn.com\/index.php\/wp-json\/wp\/v2\/media?parent=2015"}],"curies":[{"name":"wp","href":"https:\/\/api.w.org\/{rel}","templated":true}]}}